{"id":517,"date":"2022-08-01T16:47:38","date_gmt":"2022-08-01T14:47:38","guid":{"rendered":"https:\/\/newsite.cyno-club-orchies.fr\/?page_id=517"},"modified":"2026-02-28T17:54:37","modified_gmt":"2026-02-28T16:54:37","slug":"education-canine-6-mois","status":"publish","type":"page","link":"https:\/\/newsite.cyno-club-orchies.fr\/index.php\/education-canine-6-mois\/","title":{"rendered":"\u00c9DUCATION CANINE + 6 MOIS"},"content":{"rendered":"<h3><b><span style=\"color: #ff9300;\">Accompagner votre compagnon dans son d\u00e9veloppement<\/span><\/b><\/h3>\n<p>Notre club, habilit\u00e9 par la Soci\u00e9t\u00e9 Centrale Canine (SCC), vous propose des s\u00e9ances d\u2019\u00e9ducation canine adapt\u00e9es aux <span style=\"text-decoration: underline;\">chiens de plus de 6 mois<\/span>.<br \/>\nNos <strong>moniteurs b\u00e9n\u00e9voles<\/strong> <strong>sont form\u00e9s<\/strong>, garantissant un encadrement de qualit\u00e9 et une approche bienveillante pour chaque chien. Nous travaillons selon les principes de <strong>l\u2019\u00e9ducation positive<\/strong>, qui privil\u00e9gie la r\u00e9compense et la motivation plut\u00f4t que la contrainte, favorisant ainsi un lien de confiance entre vous et votre compagnon.<br \/>\nL&rsquo;\u00e9ducation de votre chien, commenc\u00e9e \u00e0 l&rsquo;\u00e9cole du chiot, se poursuit ici dans un cadre structur\u00e9 et dynamique. L&rsquo;objectif est de renforcer l\u2019ob\u00e9issance de votre chien tout en d\u00e9veloppant des comportements adapt\u00e9s \u00e0 la vie en soci\u00e9t\u00e9 et \u00e0 la cohabitation \u00e0 la maison.<\/p>\n<h4><b><span style=\"color: #339966;\">Renforcer les bases de l\u2019\u00e9ducation et la sociabilit\u00e9 de votre chien<\/span><span class=\"Apple-converted-space\">\u00a0<\/span><\/b><\/h4>\n<p>\u00c0 la fin de ce stage, vous aurez acquis les comp\u00e9tences essentielles pour guider votre chien dans son apprentissage des ordres n\u00e9cessaires \u00e0 la vie quotidienne et sa sociabilit\u00e9. Vous comprendrez mieux les besoins de votre chien en observant son comportement, et vous apprendrez \u00e0 communiquer de mani\u00e8re claire et respectueuse avec lui.<\/p>\n<ul>\n<li>Un chien plus calme<\/li>\n<li>Une meilleure gestion des situations sociales, que ce soit en ville ou \u00e0 la maison<\/li>\n<li>Une compr\u00e9hension mutuelle renforc\u00e9e entre vous et votre chien<\/li>\n<\/ul>\n<h4><b><span style=\"color: #339966;\">Des bases solides pour un quotidien harmonieux<span class=\"Apple-converted-space\">\u00a0<\/span><\/span><\/b><\/h4>\n<ul>\n<li><b>Marche en laisse et sans laisse :<\/b> L&rsquo;un des objectifs principaux est que votre chien soit capable de marcher \u00e0 vos c\u00f4t\u00e9s sans tirer, que ce soit en laisse ou sans laisse. Nous vous apprendrons \u00e0 alterner les changements de direction, de rythme et de vitesse, afin que votre chien reste attentif et pr\u00e8s de vous.<\/li>\n<li><b>Rappel :<\/b> Le rappel est une comp\u00e9tence essentielle, surtout en ext\u00e9rieur. Vous apprendrez \u00e0 rappeler votre chien dans toutes les situations, y compris face \u00e0 des distractions, pour qu\u2019il revienne syst\u00e9matiquement \u00e0 vos c\u00f4t\u00e9s.<\/li>\n<li><b>Les positions de base (assis, couch\u00e9, pas bouger) :<\/b> Ces ordres sont la base de toute bonne \u00e9ducation. Nous travaillerons sur la r\u00e9activit\u00e9 de votre chien \u00e0 ces commandes, et sur l\u2019importance de la ma\u00eetrise de ces positions pour le confort et la s\u00e9curit\u00e9 de votre chien et de son entourage.<\/li>\n<li><b>Sociabilit\u00e9 :<\/b> Nous aborderons \u00e9galement le travail de la sociabilit\u00e9, pour que votre chien puisse approcher des personnes, d&rsquo;autres chiens et des objets inconnus sans stress ni agressivit\u00e9. L\u2019objectif est qu\u2019il reste calme, peu importe les situations rencontr\u00e9es.<\/li>\n<\/ul>\n<p><img loading=\"lazy\" decoding=\"async\" class=\"aligncenter wp-image-1568 size-large\" src=\"http:\/\/newsite.cyno-club-orchies.fr\/wp-content\/uploads\/2024\/12\/Capture-decran-2024-12-10-a-21.19.15-1024x509.png\" alt=\"\" width=\"1024\" height=\"509\" srcset=\"https:\/\/newsite.cyno-club-orchies.fr\/wp-content\/uploads\/2024\/12\/Capture-decran-2024-12-10-a-21.19.15-1024x509.png 1024w, https:\/\/newsite.cyno-club-orchies.fr\/wp-content\/uploads\/2024\/12\/Capture-decran-2024-12-10-a-21.19.15-300x149.png 300w, https:\/\/newsite.cyno-club-orchies.fr\/wp-content\/uploads\/2024\/12\/Capture-decran-2024-12-10-a-21.19.15-768x382.png 768w, https:\/\/newsite.cyno-club-orchies.fr\/wp-content\/uploads\/2024\/12\/Capture-decran-2024-12-10-a-21.19.15-1536x764.png 1536w, https:\/\/newsite.cyno-club-orchies.fr\/wp-content\/uploads\/2024\/12\/Capture-decran-2024-12-10-a-21.19.15-2048x1018.png 2048w\" sizes=\"auto, (max-width: 1024px) 100vw, 1024px\" \/><\/p>\n<h4><b><span style=\"color: #339966;\">Un apprentissage progressif et adapt\u00e9<\/span><\/b><\/h4>\n<p>Nos cours sont dispens\u00e9s en petits groupes (environ 6 chiens par moniteur), afin de garantir une attention personnalis\u00e9e tout en profitant des b\u00e9n\u00e9fices de l\u2019apprentissage en groupe. Le groupe permet de simuler des situations r\u00e9elles o\u00f9 votre chien sera confront\u00e9 \u00e0 d\u2019autres chiens et personnes, tout en restant sous la supervision attentive des moniteurs.<br \/>\nChaque s\u00e9ance est progressive, avec des exercices qui se complexifient au fur et \u00e0 mesure que le chien et son ma\u00eetre acqui\u00e8rent de nouvelles comp\u00e9tences. L\u2019objectif est que chaque bin\u00f4me puisse \u00e9voluer \u00e0 son rythme, avec un accompagnement constant et adapt\u00e9 aux besoins de chacun.<\/p>\n<h4><\/h4>\n<p><strong>Ce stage est l\u2019opportunit\u00e9 de renforcer la complicit\u00e9 avec votre chien tout en d\u00e9veloppant une communication claire et efficace. Gr\u00e2ce \u00e0 notre m\u00e9thode d&rsquo;\u00e9ducation positive, vous mettrez toutes les chances de votre c\u00f4t\u00e9 pour garantir une cohabitation harmonieuse, que ce soit \u00e0 la maison, en ville, ou dans toutes les situations du quotidien.<\/strong><\/p>\n<p style=\"text-align: center;\"><strong><em><span style=\"color: #ff9300;\">Horaires et inscriptions<\/span><\/em><\/strong><\/p>\n<p style=\"text-align: center;\">Accueil : <strong>samedi \u00e0 15h00 \u00e0 15h30\u00a0<\/strong><br \/>\n\u00c9ducation (+ 6 mois) : <strong>samedi de 14h00 \u00e0 15h00<\/strong><\/p>\n<p style=\"text-align: center;\">Inscriptions en ligne via le lien suivant :<br \/>\n<a href=\"https:\/\/newsite.cyno-club-orchies.fr\/index.php\/ici-je-reserve-mon-cours\/\">Ici je r\u00e9serve mon cours<\/a><\/p>\n<p style=\"text-align: center;\"><em><strong><span style=\"color: #ff9300;\">Nos moniteurs<\/span><\/strong><\/em><\/p>\n<p><img loading=\"lazy\" decoding=\"async\" class=\"aligncenter wp-image-1570 size-medium\" src=\"http:\/\/newsite.cyno-club-orchies.fr\/wp-content\/uploads\/2024\/12\/Capture-decran-2024-12-10-a-22.23.50-300x62.png\" alt=\"\" width=\"300\" height=\"62\" srcset=\"https:\/\/newsite.cyno-club-orchies.fr\/wp-content\/uploads\/2024\/12\/Capture-decran-2024-12-10-a-22.23.50-300x62.png 300w, https:\/\/newsite.cyno-club-orchies.fr\/wp-content\/uploads\/2024\/12\/Capture-decran-2024-12-10-a-22.23.50-1024x213.png 1024w, https:\/\/newsite.cyno-club-orchies.fr\/wp-content\/uploads\/2024\/12\/Capture-decran-2024-12-10-a-22.23.50-768x160.png 768w, https:\/\/newsite.cyno-club-orchies.fr\/wp-content\/uploads\/2024\/12\/Capture-decran-2024-12-10-a-22.23.50-1536x320.png 1536w, https:\/\/newsite.cyno-club-orchies.fr\/wp-content\/uploads\/2024\/12\/Capture-decran-2024-12-10-a-22.23.50-2048x426.png 2048w\" sizes=\"auto, (max-width: 300px) 100vw, 300px\" \/><\/p>\n","protected":false},"excerpt":{"rendered":"<p>Accompagner votre compagnon dans son d\u00e9veloppement Notre club, habilit\u00e9 par la Soci\u00e9t\u00e9 Centrale Canine (SCC), vous propose des s\u00e9ances d\u2019\u00e9ducation&hellip;<\/p>\n","protected":false},"author":1,"featured_media":0,"parent":0,"menu_order":0,"comment_status":"closed","ping_status":"closed","template":"","meta":{"footnotes":""},"class_list":["post-517","page","type-page","status-publish","hentry"],"_links":{"self":[{"href":"https:\/\/newsite.cyno-club-orchies.fr\/index.php\/wp-json\/wp\/v2\/pages\/517","targetHints":{"allow":["GET"]}}],"collection":[{"href":"https:\/\/newsite.cyno-club-orchies.fr\/index.php\/wp-json\/wp\/v2\/pages"}],"about":[{"href":"https:\/\/newsite.cyno-club-orchies.fr\/index.php\/wp-json\/wp\/v2\/types\/page"}],"author":[{"embeddable":true,"href":"https:\/\/newsite.cyno-club-orchies.fr\/index.php\/wp-json\/wp\/v2\/users\/1"}],"replies":[{"embeddable":true,"href":"https:\/\/newsite.cyno-club-orchies.fr\/index.php\/wp-json\/wp\/v2\/comments?post=517"}],"version-history":[{"count":15,"href":"https:\/\/newsite.cyno-club-orchies.fr\/index.php\/wp-json\/wp\/v2\/pages\/517\/revisions"}],"predecessor-version":[{"id":1759,"href":"https:\/\/newsite.cyno-club-orchies.fr\/index.php\/wp-json\/wp\/v2\/pages\/517\/revisions\/1759"}],"wp:attachment":[{"href":"https:\/\/newsite.cyno-club-orchies.fr\/index.php\/wp-json\/wp\/v2\/media?parent=517"}],"curies":[{"name":"wp","href":"https:\/\/api.w.org\/{rel}","templated":true}]}}